ber?
True
Is 25779907795 a composite number?
True
Is 650511523 a prime number?
False
Is 15233780381 a composite number?
False
Is 65994678361 a composite number?
False
Is 601336789 a prime number?
True
Is 14168553187 a prime number?
True
Is 568674899 a prime number?
False
Is 8767505449 a composite number?
False
Is 7386014638 a composite number?
True
Is 46444745881 a prime number?
True
Is 9291037703 prime?
False
Is 367070251 composite?
False
Is 2961252571 a prime number?
True
Is 17931910081 composite?
False
Is 1179636533 prime?
True
Is 102936500377 a composite number?
False
Is 3855851653 composite?
True
Is 2816713801 prime?
False
Is 235375463 a prime number?
False
Is 153176489 prime?
True
Is 5947406867 composite?
False
Is 14657964533 a composite number?
True
Is 967405711 composite?
False
Is 3234073919 a composite number?
False
Is 39236261 a prime number?
False
Is 5136392101 prime?
False
Is 33166979 a prime number?
True
Is 554475371 composite?
False
Is 3567799019 prime?
False
Is 8839631579 a prime number?
True
Is 118819979 composite?
True
Is 14154870467 a prime number?
True
Is 2924642783 a prime number?
True
Is 18266417501 prime?
False
Is 10138331899 prime?
False
Is 186603803 a prime number?
True
Is 291272533 composite?
False
Is 6856181441 prime?
False
Is 1254919331 a prime number?
True
Is 1753555381 prime?
True
Is 1745632549 composite?
False
Is 1619782739 a prime number?
True
Is 6837879947 prime?
True
Is 827029477 composite?
False
Is 250759369967 a prime number?
False
Is 1029362837 composite?
True
Is 7690608697 prime?
False
Is 123252137 a composite number?
False
Is 2115573739 a composite number?
False
Is 62555273741 a prime number?
True
Is 3537781391 composite?
True
Is 1569112933 a composite number?
False
Is 8324877283 prime?
False
Is 3610074943 a prime number?
True
Is 455313731 a composite number?
True
Is 21995119051 composite?
True
Is 763033183 composite?
True
Is 702076273 composite?
True
Is 178640647 composite?
True
Is 2996762191 a prime number?
True
Is 148589161 prime?
False
Is 1337614049 prime?
True
Is 66853171837 a prime number?
True
Is 2313360113 composite?
False
Is 262329343 prime?
False
Is 357466471 prime?
False
Is 114330554683 composite?
True
Is 1114615871 composite?
False
Is 513343709 prime?
False
Is 104069587 composite?
False
Is 7409610289 composite?
False
Is 1141730921 a composite number?
False
Is 31651699 prime?
True
Is 474169313 a composite number?
True
Is 3874805569 a composite number?
False
Is 98307151773 a composite number?
True
Is 1780988029 a composite number?
False
Is 3234845447 prime?
True
Is 735124217 a prime number?
False
Is 47953857743 composite?
True
Is 892590313 composite?
False
Is 11714213193 a composite number?
True
Is 1546352987 a prime number?
True
Is 4496527751 a composite number?
False
Is 1247892097 a composite number?
True
Is 1780917371 a composite number?
False
Is 14411448223 a prime number?
True
Is 14227698853 a prime number?
True
Is 1010928547 composite?
False
Is 540841297 a composite number?
True
Is 11976252863 composite?
True
Is 2280588743 a composite number?
True
Is 47300455981 prime?
True
Is 224393633 a prime number?
False
Is 15601623343 a prime number?
True
Is 2745739123 a prime number?
True
Is 1068097871 composite?
False
Is 10787700257 a prime number?
True
Is 135584321 a composite number?
False
Is 2001286553 prime?
False
Is 531705337 prime?
True
Is 771185869 composite?
False
Is 5939843181 prime?
False
Is 31924683397 a prime number?
False
Is 63102852217 prime?
False
Is 705140987 a prime number?
False
Is 14420763733 a composite number?
False
Is 2418428843 composite?
False
Is 44245946839 composite?
False
Is 5503406891 prime?
False
Is 17395851703 a composite number?
False
Is 199034297347 composite?
True
Is 13668514883 a composite number?
True
Is 111977093939 composite?
False
Is 64809988643 composite?
True
Is 266779927 prime?
False
Is 207361293131 a composite number?
True
Is 474490549 a composite number?
True
Is 119861809 a prime number?
False
Is 76313992451 prime?
True
Is 8118062791 a prime number?
True
Is 1398616955 prime?
False
Is 100959709 a composite number?
True
Is 31259599993 composite?
True
Is 199040509 a composite number?
False
Is 1741621717 prime?
False
Is 81638127173 a composite number?
True
Is 91261895 composite?
True
Is 2196804373 composite?
True
Is 380217119 composite?
False
Is 22556752877 a composite number?
False
Is 15209939777 a composite number?
False
Is 6966250817 composite?
False
Is 7348819229 prime?
True
Is 426059099 a composite number?
True
Is 146567487817 a prime number?
True
Is 6813988997 a prime number?
True
Is 25073971147 a composite number?
False
Is 135922351 composite?
False
Is 1313588609 prime?
False
Is 50133899 a composite number?
True
Is 44727883 prime?
True
Is 5514712367 composite?
False
Is 9348643789 a prime number?
False
Is 1313430751 a prime number?
False
Is 1797982211 a prime number?
False
Is 21318115031 a prime number?
False
Is 16319172251 a composite number?
False
Is 1912432393 a composite number?
False
Is 611220133 prime?
True
Is 252790997 prime?
True
Is 10356108947 a prime number?
True
Is 215564963 a composite number?
False
Is 14363507549 a composite number?
False
Is 601325437 composite?
False
Is 110323872713 a composite number?
False
Is 15502634229 a prime number?
False
Is 2110391843 a composite number?
True
Is 4395566507 prime?
True
Is 381663707 prime?
True
Is 16303708159 composite?
False
Is 27417162427 prime?
True
Is 32892452429 prime?
True
Is 5555190257 a prime number?
True
Is 248046259 composite?
False
Is 99075761693 composite?
True
Is 3018514349 composite?
True
Is 5837674757 a prime number?
True
Is 50363377549 a composite number?
False
Is 3387068359 prime?
True
Is 3522696883 a composite number?
True
Is 2678954611 a prime number?
True
Is 704837911 composite?
True
Is 17984007709 a prime number?
True
Is 12053443729 composite?
True
Is 57514694509 a prime number?
True
Is 6326549506 prime?
False
Is 255098377 a composite number?
False
Is 10271780917 prime?
True
Is 4838692967 a composite number?
False
Is 5339692997 composite?
True
Is 7884960333 a prime number?
False
Is 3430817503 a prime number?
True
Is 166632278311 composite?
True
Is 3548563829 a composite number?
False
Is 6161929133 composite?
False
Is 2446508671 a composite number?
True
Is 242126729263 a composite number?
True
Is 137339399173 a composite number?
False
Is 22909916779 composite?
False
Is 63746639053 a prime number?
False
Is 14908594037 prime?
False
Is 17517076073 prime?
False
Is 553123723 composite?
False
Is 745020181 prime?
True
Is 6257823189 composite?
True
Is 115193261 prime?
False
Is 533294389 a prime number?
True
Is 9175883531 a composite number?
False
Is 167897573 composite?
True
Is 7974419393 a prime number?
False
Is 5141064227 a prime number?
False
Is 41325281015 a prime number?
False
Is 1017318061 a prime number?
False
Is 1781138269 prime?
False
Is 91821734 a composite number?
True
Is 1150046383 composite?
True
Is 280969037 a composite number?
True
Is 13845059 a prime number?
False
Is 1063563733 composite?
True
Is 61890602651 a prime number?
False
Is 28129760033 a composite number?
False
Is 20784526619 composite?
False
Is 11453458547 prime?
True
Is 10745739197 a prime number?
True
Is 44737012811 composite?
False
Is 22292695723 a prime number?
True
Is 31414000349 a composite number?
True
Is 9519884321 composite?
False
Is 4210312373 composite?
False
Is 11924068643 a prime number?
True
Is 862338371 a composite number?
True
Is 1034401657 a composite number?
True
Is 455449319 a composite number?
True
Is 9298911833 a prime number?
False
Is 103443184751 composite?
True
Is 100590132529 a composite number?
True
Is 11329790191 prime?
True
Is 207527015407 a prime number?
False
Is 3109683121 a prime number?
True
Is 128069886598 a composite number?
True
Is 7455261661 prime?
True
Is 1660401767 composite?
False
Is 27318091543 composite?
False
Is 31494653 composite?
True
Is 8090005069 prime?
True
Is 2838662509 composite?
True
Is 1052427113 a prime number?
True
Is 3068218367 prime?
True
Is 1622699447 a prime number?
False
Is 91181873 a composite number?
False
Is 76381628461 composite?
True
Is 373158581 composite?
False
Is 600537893 a prime number?
True
Is 559807277 a prime number?
True
Is 59629398797 prime